s the remainder when 3570 is divided by 168?
42
Calculate the remainder when 8884 is divided by 683.
5
Calculate the remainder when 216768 is divided by 37.
22
Calculate the remainder when 7323 is divided by 3537.
249
What is the remainder when 17795 is divided by 5322?
1829
What is the remainder when 2433 is divided by 17?
2
Calculate the remainder when 95931 is divided by 95930.
1
Calculate the remainder when 35655 is divided by 124.
67
Calculate the remainder when 4413 is divided by 1418.
159
Calculate the remainder when 3680 is divided by 214.
42
Calculate the remainder when 235375 is divided by 313.
312
Calculate the remainder when 56620 is divided by 20.
0
Calculate the remainder when 14583 is divided by 33.
30
What is the remainder when 36487 is divided by 36487?
0
Calculate the remainder when 59443 is divided by 78.
7
Calculate the remainder when 1454077 is divided by 1280.
1277
What is the remainder when 132590 is divided by 390?
380
What is the remainder when 4275 is divided by 4262?
13
Calculate the remainder when 83984 is divided by 1202.
1046
Calculate the remainder when 14383 is divided by 1121.
931
Calculate the remainder when 1526698 is divided by 1050.
1048
Calculate the remainder when 4088 is divided by 157.
6
What is the remainder when 64437 is divided by 90?
87
Calculate the remainder when 207664 is divided by 103827.
10
What is the remainder when 1433 is divided by 360?
353
Calculate the remainder when 3682 is divided by 1769.
144
What is the remainder when 2757 is divided by 469?
412
Calculate the remainder when 241308 is divided by 120647.
14
Calculate the remainder when 10623 is divided by 483.
480
What is the remainder when 34156 is divided by 91?
31
What is the remainder when 156101 is divided by 54?
41
What is the remainder when 4560857 is divided by 24?
17
What is the remainder when 1073859 is divided by 10?
9
Calculate the remainder when 8099 is divided by 7215.
884
What is the remainder when 748 is divided by 580?
168
What is the remainder when 283631 is divided by 283628?
3
Calculate the remainder when 33582 is divided by 213.
141
What is the remainder when 2601 is divided by 2243?
358
Calculate the remainder when 7228 is divided by 10.
8
Calculate the remainder when 14998 is divided by 64.
22
What is the remainder when 2020 is divided by 997?
26
What is the remainder when 128093 is divided by 42650?
143
What is the remainder when 285627 is divided by 260?
147
What is the remainder when 300347 is divided by 401?
399
Calculate the remainder when 16274 is divided by 1355.
14
Calculate the remainder when 7154 is divided by 2378.
20
Calculate the remainder when 2717 is divided by 28.
1
Calculate the remainder when 81304 is divided by 505.
504
Calculate the remainder when 3534 is divided by 52.
50
Calculate the remainder when 9762 is divided by 188.
174
What is the remainder when 1005 is divided by 115?
85
What is the remainder when 1504876 is divided by 11?
10
Calculate the remainder when 557287 is divided by 6.
1
Calculate the remainder when 15650 is divided by 341.
305
Calculate the remainder when 16662 is divided by 110.
52
What is the remainder when 1406 is divided by 819?
587
Calculate the remainder when 1739 is divided by 861.
17
What is the remainder when 33530 is divided by 32?
26
What is the remainder when 221938 is divided by 15?
13
What is the remainder when 355945 is divided by 118643?
16
What is the remainder when 473179 is divided by 20?
19
Calculate the remainder when 33587 is divided by 3694.
341
What is the remainder when 112831 is divided by 688?
687
What is the remainder when 134053 is divided by 135?
133
Calculate the remainder when 15799 is divided by 405.
4
Calculate the remainder when 40990 is divided by 128.
30
Calculate the remainder when 327 is divided by 1.
0
Calculate the remainder when 3741913 is divided by 457.
454
Calculate the remainder when 147959 is divided by 54.
53
Calculate the remainder when 13113 is divided by 4321.
150
Calculate the remainder when 9720279 is divided by 820.
819
What is the remainder when 15629 is divided by 8?
5
Calculate the remainder when 315539 is divided by 75.
14
Calculate the remainder when 107613 is divided by 622.
7
What is the remainder when 1385 is divided by 86?
9
What is the remainder when 11639 is divided by 831?
5
What is the remainder when 814398 is divided by 200?
198
What is the remainder when 1654 is divided by 389?
98
What is the remainder when 151071 is divided by 32?
31
What is the remainder when 9041 is divided by 312?
305
Calculate the remainder when 237862 is divided by 374.
372
Calculate the remainder when 6927 is divided by 771.
759
Calculate the remainder when 79622 is divided by 26535.
17
What is the remainder when 544059 is divided by 1143?
1134
What is the remainder when 131471 is divided by 131457?
14
Calculate the remainder when 66387 is divided by 14.
13
What is the remainder when 33896 is divided by 2421?
2
What is the remainder when 246508 is divided by 18?
16
What is the remainder when 29445 is divided by 9?
6
What is the remainder when 2951423 is divided by 144?
143
What is the remainder when 91259 is divided by 108?
107
Calculate the remainder when 17583 is divided by 232.
183
What is the remainder when 2073 is divided by 63?
57
Calculate the remainder when 30605 is divided by 7559.
369
Calculate the remainder when 8298 is divided by 41.
16
Calculate the remainder when 645412 is divided by 5.
2
Calculate the remainder when 142479 is divided by 727.
714
What is the remainder when 252221 is divided by 26?
21
What is the remainder when 2642 is divided by 850?
92
Calculate the remainder when 121114 is divided by 397.
29
Calculate the remainder when 308000 is divided by 142.
2
Calculate the remainder when 25013 is divided by 133.
9
What is the remainder when 13807 is divided by 3371?
323
Calculate the remainder when 6152 is divided by 750.
152
What is the remainder when 28098 is divided by 703?
681
Calculate the remainder when 760 is divided by 61.
28
What is the remainder when 3653 is divided by 894?
77
What is the remainder when 160602 is divided by 747?
744
Calculate the remainder when 49099 is divided by 115.
109
Calculate the remainder when 214027 is divided by 35659.
73
What is the remainder when 3244 is divided by 640?
44
What is the remainder when 27694 is divided by 192?
46
What is the remainder when 455069 is divided by 42?
41
Calculate the remainder when 28369 is divided by 420.
229
What is the remainder when 355392 is divided by 88848?
0
What is the remainder when 121922 is divided by 60953?
16
Calculate the remainder when 138684 is divided by 174.
6
Calculate the remainder when 25329 is divided by 3618.
3
Calculate the remainder when 11243 is divided by 361.
52
What is the remainder when 7637 is divided by 843?
50
What is the remainder when 6820 is divided by 2150?
370
Calculate the remainder when 4273 is divided by 15.
13
What is the remainder when 874798 is divided by 49?
1
Calculate the remainder when 206972 is divided by 25.
22
What is the remainder when 15846 is divided by 27?
24
Calculate the remainder when 11892 is divided by 73.
66
What is the remainder when 6174 is divided by 1267?
1106
Calculate the remainder when 206793 is divided by 1798.
23
Calculate the remainder when 180874 is divided by 783.
1
Calculate the remainder when 41048 is divided by 610.
178
What is the remainder when 35016 is divided by 547?
8
Calculate the remainder when 25140 is divided by 25125.
15
What is the remainder when 29380 is divided by 226?
0
What is the remainder when 5765 is divided by 963?
950
Calculate the remainder when 412363 is divided by 45816.
19
What is the remainder when 486746 is divided by 53?
47
Calculate the remainder when 1134 is divided by 399.
336
Calculate the remainder when 2614 is divided by 46.
38
What is the remainder when 37119 is divided by 5300?
19
What is the remainder when 42952 is divided by 10730?
32
Calculate the remainder when 3167 is divided by 3074.
93
Calculate the remainder when 773 is divided by 245.
38
Calculate the remainder when 10767 is divided by 38.
13
Calculate the remainder when 3844 is divided by 767.
9
What is the remainder when 470927 is divided by 64?
15
What is the remainder